hat is the units digit of 11 + -5 - (-2 - y)?
4
Let v be (2 - -1)/(1/(-3)). Let i = -5 - v. What is the units digit of (i/(-10))/((-1)/20)?
8
Suppose 4*a - 189 = 3*v, -10 = -5*v + 15. Suppose -123 = -5*l - 4*i - a, -5*i - 45 = -5*l. What is the units digit of l?
2
Suppose -5*o = -44 - 531. What is the units digit of o?
5
Suppose f + 0 + 9 = 0. Let t = 28 + f. What is the tens digit of t?
1
Let l(t) = -t**3 + 9*t**2 - 6*t - 6. What is the tens digit of l(8)?
1
Let h = -36 - -111. What is the tens digit of h?
7
Suppose -3*j - 2*m = -58, 2*m + 68 = 3*j + j. Let y be (-58)/6 - 2/6. Let b = y + j. What is the units digit of b?
8
Let p be 8*(3/(-6) + 2). Let z = 19 - p. What is the units digit of z?
7
What is the units digit of 1/((-1)/(-4)) + 1?
5
Suppose -44*j = -47*j + 396. What is the tens digit of j?
3
Suppose 0 = -5*i - 14 - 96. Let k = i - -35. Let b = k - 7. What is the units digit of b?
6
Suppose -b + 0*b = 0. Suppose 5*w - 63 = -2*o, b*o + o = -3*w + 37. Let y = w + -7. What is the units digit of y?
4
Let t = -3 - -5. Let a = t + 0. Suppose a*v + 9 = 31. What is the units digit of v?
1
Let b(v) be the third derivative of v**4/24 - 4*v**3/3 + 5*v**2. What is the units digit of b(10)?
2
Suppose 0 = c - 3*c - 38. Let j = c + 29. What is the tens digit of j?
1
Suppose -n - s = -3, 0 = n + 4*s + 9. Let q = 2 + -5. What is the units digit of 0/(q + 2) + n?
7
Let g = 70 - 41. What is the units digit of g?
9
Suppose p = 4*p + 27. Let l(h) = -h**3 - 10*h**2 - 9*h + 3. Let c be l(p). Suppose 0*x = -c*x + 42. What is the units digit of x?
4
Let o(g) = g**2 + g - 1. Let y be o(1). Suppose 1 + 9 = -c. What is the units digit of (6/c)/(y/(-5))?
3
Let r(g) = g**2 - 4*g. Let h be r(5). Let q = 10 - h. What is the units digit of q?
5
Suppose 8*j + 3*j = 2629. What is the units digit of j?
9
Let h(w) = -6*w + 63. What is the units digit of h(-16)?
9
Suppose 15 + 21 = -3*v. Let n = v + 17. What is the units digit of n?
5
Let y be (2 - 3/(-1))*1. Let w(o) = o - 2 + 4 - y. What is the units digit of w(8)?
5
Let f(l) = -l + 16. Suppose -3*s = -4*s. What is the units digit of f(s)?
6
Let o be 0*2*(-4)/8. What is the tens digit of 2*33/6 - o?
1
Suppose r = -5*r + 102. What is the units digit of r?
7
What is the tens digit of 99 + 3*7/(84/8)?
0
Let j(o) = -2*o - 2*o + 17*o - o**3 + 10*o**2 - 6. What is the units digit of j(11)?
6
Suppose -2*u - 55 = -3*z + 26, -5*z + 5*u = -130. What is the tens digit of z?
2
Let o(g) = g**3 - g + 1. Let p be o(2). Suppose 13 = -m - h - 2*h, -h - p = -m. Suppose 5*l - 5*x = 30, l - 4 = x + m*x. What is the units digit of l?
7
Let q(v) = -106*v - 5. What is the hundreds digit of q(-1)?
1
Let j(o) = -o - 3. Let u be j(6). Let m = -8 - u. What is the units digit of 2 + (0/m)/(-2)?
2
Suppose 3 - 7 = -2*y. Let i(b) be the second derivative of b**3/6 - b**2/2 - 2*b. What is the units digit of i(y)?
1
Suppose -v = -6*v + 210. Suppose -b = -0*b - 2*m - 16, -3*m = -3*b + v. What is the units digit of b?
2
Suppose 0 = -t - 0*t. What is the units digit of (t - -1)*(-1 + 11)?
0
Let i = 38 - 17. What is the units digit of (3/(-2))/(i/(-98))?
7
Suppose 0 = 4*p - 150 - 170. What is the units digit of p?
0
Let v be -3*(-1 + (-2)/(-6)). Let h(n) = -2*n + 5*n - v*n. What is the units digit of h(2)?
2
Suppose 0 = -9*t + 4*t + 250. What is the tens digit of t?
5
Let z = 10 + -6. What is the units digit of z?
4
What is the units digit of (-4 - (-12)/6)/((-2)/196)?
6
Let n(t) = 20*t**3 - t**2 + 1. Let r be n(-1). What is the units digit of (60/25)/((-3)/r)?
6
Suppose -4*u + 466 = -82. What is the units digit of u?
7
Suppose -3*t = -143 + 23. What is the units digit of t?
0
Let u be 2/(-12) + (-568)/48. What is the tens digit of (-178)/u + 3/18?
1
Let q(k) be the first derivative of k**3 + 7*k**2/2 - 6*k - 2. Let z be q(4). Suppose a - 6*a = -z. What is the tens digit of a?
1
Suppose -15 = 3*h - 8*h. Suppose -h*x + 33 = 4*c - 44, 5*x = -25. What is the tens digit of c?
2
Let l(f) = f - 2. Let h be l(2). Suppose h = -3*r - 2*r + 90. What is the tens digit of r?
1
Suppose -9*o - 14 = -11*o. What is the units digit of o?
7
What is the tens digit of 9/36 + 367/4?
9
Let f(z) = 35*z - 6. What is the hundreds digit of f(4)?
1
Let y = 15 + -2. Let n = y + -8. What is the units digit of n?
5
Suppose 2*c + 2*c + 36 = 0. What is the units digit of 2/c + 472/18?
6
Suppose 0 = w - 13 - 5. What is the units digit of w?
8
Let i be (-4)/(-10) + 3/5. What is the units digit of (i - (-3 + 3))*29?
9
Suppose -3723 = -16*w + 1781. What is the units digit of w?
4
Suppose y - 2*z = -3*y + 130, -4*z = 4*y - 160. What is the units digit of y?
5
Let a(h) = 9*h - 24. What is the tens digit of a(8)?
4
Suppose 3*i = -4*d + 488, i - 2*d = -4*i + 796. Suppose -5*j + 37 = 3*h - 98, -i = -5*j + 2*h. What is the tens digit of j?
3
Let m = -11 - -6. What is the units digit of 3/3*-3 - m?
2
What is the units digit of (3 + -8)*((-308)/10 + 1)?
9
Let y = -25 + 51. What is the tens digit of y?
2
Suppose -205 = -3*t - q + 133, q + 334 = 3*t. What is the units digit of t?
2
Suppose 22 = 5*l + 3*d, 4*l = -3*d - 2*d + 28. Suppose 5*k - l*k = 9. Suppose y - 3 = 2*y, -k*v = 5*y + 6. What is the units digit of v?
3
Let v be (-2 - -2) + -1 + 59. Let g = v + -38. Let u = g - 12. What is the units digit of u?
8
Let g = -22 + 20. What is the units digit of -2*(-1)/g + 17?
6
Let j = 6 + 18. Suppose -3*r - 20 = -g, 4*g + r + r - j = 0. What is the units digit of g?
8
What is the units digit of 3 + (1 - -107)/4?
0
Suppose 2*t + t = 909. What is the units digit of t?
3
Suppose 74 = -5*o + 339. What is the units digit of o?
3
Let a(c) = c**3 + 14*c**2 + 13*c + 2. What is the tens digit of a(-10)?
7
Suppose -2 = u + l, -3*l - 2*l + 8 = -4*u. Suppose -3 = 3*g + 3*q, -5*g - q + 7 = -2*q. What is the units digit of g/(1 + u) + 5?
4
What is the units digit of (-3 - 0 - -39) + 1?
7
Let b(z) = -z**3 - 5*z**2 + z - 12. What is the tens digit of b(-6)?
1
Let j(b) = b. Let s(m) = m**2 + 11*m + 7. Let x be s(-11). What is the units digit of j(x)?
7
Let a = 33 - 16. Let r = a + -9. Suppose -4 = 4*d - r. What is the units digit of d?
1
Let c = -1 - -23. What is the units digit of c?
2
Suppose 4*j - 860 = -5*f, 367 = f + f - 3*j. What is the units digit of f?
6
Suppose -60 = -0*v - 5*v. What is the units digit of v?
2
Let k(i) = 3*i - 1. Suppose u = 2*u - 9. What is the tens digit of k(u)?
2
What is the units digit of (3 + (-8)/(-40))/(4/10)?
8
Let b = 2 - 0. Let u = b - 2. Let y = u + 7. What is the units digit of y?
7
Let d be 16/5*10*-1. Let g = -3 + -14. Let n = g - d. What is the units digit of n?
5
Let i be (-2)/3 - (-224)/(-24). Let q = -9 - i. What is the units digit of q?
1
Let a = -5 - 41. What is the units digit of a/(-3) - (-8)/12?
6
Let j(o) = -13*o**2 - 2*o. Let n(q) = 26*q**2 + 3*q. Let l(u) = 5*j(u) + 3*n(u). Let g be l(-1). Let h = 3 + g. What is the tens digit of h?
1
Let s(p) = p - p - 3*p - 8. What is the tens digit of s(-7)?
1
Suppose 4*l - 7*b + 25 = -2*b, 0 = l + 5*b - 25. Suppose -5*p - 26 - 24 = l. Let f = p + 18. What is the units digit of f?
8
Let r(b) = -b**3 - 2*b**2 + 6*b + 4. Let c be r(-4). Suppose d + c = -d. Let y(n) = -2*n - 5. What is the units digit of y(d)?
7
Let c(k) = k**2 - 5*k - 6. Let o be c(7). Let a = o + 23. What is the tens digit of a?
3
Let g(w) = -2*w + w + 4*w + 1. Suppose 4*s - 6 = s. What is the units digit of g(s)?
7
Let x(r) = 5*r**2 + r + 6. Let m(b) be the first derivative of 4*b**3/3 + b**2/2 + 5*b + 2. Let k(j) = 3*m(j) - 2*x(j). What is the units digit of k(-3)?
8
Let a be 0/(-4) + (1 - 1). Suppose a = -3*w + 6*w - 24. What is the units digit of w?
8
What is the units digit of (-22)/(-5)*(15 + 0)?
6
Let o be (-4)/((-2)/4*2). Suppose -2*t - 12 = -o*t. What is the units digit of t?
6
Let y = -6 + 4. Let j = 3 + y. What is the units digit of j?
1
Let w(q) = q**2 + 7*q + 2. Let v be w(-6). What is the units digit of v/(-12) - 26/(-3)?
9
Let w be ((-6)/18)/(1/(-96)). Suppose w + 42 = 2*m. What is the units digit of m?
7
Let w(l) be the third derivative of l**5/30 + l**4/8 + l**3/2 - 2*l**2. What is the units digit of w(-2)?
5
Let m = 5 + 3. Suppose -c + 5 = -m. What is the tens digit of c?
1
Let l = 2 + -1. Let p be 1 - l/(-2)*2. Suppose -n - 4*f = p*n - 1, -2*n 